{"id":4761,"date":"2024-10-23T21:28:49","date_gmt":"2024-10-23T21:28:49","guid":{"rendered":"https:\/\/le-revestudio.com\/?post_type=product&#038;p=4761"},"modified":"2025-12-05T10:14:00","modified_gmt":"2025-12-05T10:14:00","slug":"lea-dress-with-corset","status":"publish","type":"product","link":"https:\/\/le-revestudio.com\/index.php\/product\/lea-dress-with-corset\/","title":{"rendered":"Lea Dress with Corset"},"content":{"rendered":"<p>Leopar uzun elbise<br \/>\nArka a\u00e7\u0131k yan fermuarl\u0131<br \/>\n\u00fcst\u00fcne tasarlanan ku\u015f g\u00f6z\u00fc korse<\/p>\n","protected":false},"excerpt":{"rendered":"<p>Leopar uzun elbise Arka a\u00e7\u0131k yan fermuarl\u0131 \u00fcst\u00fcne tasarlanan ku\u015f g\u00f6z\u00fc korse<\/p>\n","protected":false},"featured_media":4916,"comment_status":"open","ping_status":"closed","template":"","meta":{"_joinchat":[]},"product_brand":[],"product_cat":[22,15],"product_tag":[],"class_list":{"0":"post-4761","1":"product","2":"type-product","3":"status-publish","4":"has-post-thumbnail","6":"product_cat-dresses","7":"product_cat-all","9":"first","10":"instock","11":"shipping-taxable","12":"purchasable","13":"product-type-variable","14":"has-default-attributes"},"_links":{"self":[{"href":"https:\/\/le-revestudio.com\/index.php\/wp-json\/wp\/v2\/product\/4761","targetHints":{"allow":["GET"]}}],"collection":[{"href":"https:\/\/le-revestudio.com\/index.php\/wp-json\/wp\/v2\/product"}],"about":[{"href":"https:\/\/le-revestudio.com\/index.php\/wp-json\/wp\/v2\/types\/product"}],"replies":[{"embeddable":true,"href":"https:\/\/le-revestudio.com\/index.php\/wp-json\/wp\/v2\/comments?post=4761"}],"wp:featuredmedia":[{"embeddable":true,"href":"https:\/\/le-revestudio.com\/index.php\/wp-json\/wp\/v2\/media\/4916"}],"wp:attachment":[{"href":"https:\/\/le-revestudio.com\/index.php\/wp-json\/wp\/v2\/media?parent=4761"}],"wp:term":[{"taxonomy":"product_brand","embeddable":true,"href":"https:\/\/le-revestudio.com\/index.php\/wp-json\/wp\/v2\/product_brand?post=4761"},{"taxonomy":"product_cat","embeddable":true,"href":"https:\/\/le-revestudio.com\/index.php\/wp-json\/wp\/v2\/product_cat?post=4761"},{"taxonomy":"product_tag","embeddable":true,"href":"https:\/\/le-revestudio.com\/index.php\/wp-json\/wp\/v2\/product_tag?post=4761"}],"curies":[{"name":"wp","href":"https:\/\/api.w.org\/{rel}","templated":true}]}}