{"id":5277,"date":"2025-06-08T19:52:46","date_gmt":"2025-06-08T19:52:46","guid":{"rendered":"https:\/\/le-revestudio.com\/?post_type=product&#038;p=5277"},"modified":"2025-06-08T19:52:46","modified_gmt":"2025-06-08T19:52:46","slug":"miniut-dress-3","status":"publish","type":"product","link":"https:\/\/le-revestudio.com\/index.php\/product\/miniut-dress-3\/","title":{"rendered":"Miniut dress"},"content":{"rendered":"<p><span class=\"Apple-converted-space\">\u00a0<\/span>korsaj formu ve zarif ba\u011fc\u0131k detay\u0131yla v\u00fccudu kusursuzca sarar. Asimetrik etek kesimi ve ak\u0131\u015fkan dokusuyla her ad\u0131mda zarafeti vurgular. \u00d6zel davetlerden yaz ak\u015famlar\u0131na kadar iddial\u0131 bir siluet sunar.<\/p>\n","protected":false},"excerpt":{"rendered":"<p>\u00a0korsaj formu ve zarif ba\u011fc\u0131k detay\u0131yla v\u00fccudu kusursuzca sarar. Asimetrik etek kesimi ve ak\u0131\u015fkan dokusuyla her ad\u0131mda zarafeti&#8230;<\/p>\n","protected":false},"featured_media":5278,"comment_status":"open","ping_status":"closed","template":"","meta":{"_joinchat":[]},"product_brand":[],"product_cat":[25,22,15],"product_tag":[],"class_list":{"0":"post-5277","1":"product","2":"type-product","3":"status-publish","4":"has-post-thumbnail","6":"product_cat-new","7":"product_cat-dresses","8":"product_cat-all","10":"first","11":"instock","12":"shipping-taxable","13":"purchasable","14":"product-type-variable"},"_links":{"self":[{"href":"https:\/\/le-revestudio.com\/index.php\/wp-json\/wp\/v2\/product\/5277","targetHints":{"allow":["GET"]}}],"collection":[{"href":"https:\/\/le-revestudio.com\/index.php\/wp-json\/wp\/v2\/product"}],"about":[{"href":"https:\/\/le-revestudio.com\/index.php\/wp-json\/wp\/v2\/types\/product"}],"replies":[{"embeddable":true,"href":"https:\/\/le-revestudio.com\/index.php\/wp-json\/wp\/v2\/comments?post=5277"}],"wp:featuredmedia":[{"embeddable":true,"href":"https:\/\/le-revestudio.com\/index.php\/wp-json\/wp\/v2\/media\/5278"}],"wp:attachment":[{"href":"https:\/\/le-revestudio.com\/index.php\/wp-json\/wp\/v2\/media?parent=5277"}],"wp:term":[{"taxonomy":"product_brand","embeddable":true,"href":"https:\/\/le-revestudio.com\/index.php\/wp-json\/wp\/v2\/product_brand?post=5277"},{"taxonomy":"product_cat","embeddable":true,"href":"https:\/\/le-revestudio.com\/index.php\/wp-json\/wp\/v2\/product_cat?post=5277"},{"taxonomy":"product_tag","embeddable":true,"href":"https:\/\/le-revestudio.com\/index.php\/wp-json\/wp\/v2\/product_tag?post=5277"}],"curies":[{"name":"wp","href":"https:\/\/api.w.org\/{rel}","templated":true}]}}