{"id":5565,"date":"2025-12-10T10:32:28","date_gmt":"2025-12-10T10:32:28","guid":{"rendered":"https:\/\/le-revestudio.com\/?post_type=product&#038;p=5565"},"modified":"2025-12-10T10:33:33","modified_gmt":"2025-12-10T10:33:33","slug":"elaya-dress","status":"publish","type":"product","link":"https:\/\/le-revestudio.com\/index.php\/product\/elaya-dress\/","title":{"rendered":"Elaya dress"},"content":{"rendered":"<p>\u2022 Yumu\u015fak ve esnek premium kuma\u015f<\/p>\n<p><span class=\"Apple-converted-space\">\u00a0<\/span>\u2022 D\u00f6k\u00fcml\u00fc mini etek tasar\u0131m\u0131<\/p>\n<p><span class=\"Apple-converted-space\">\u00a0<\/span>\u2022 Rahat oturan yuvarlak yaka<\/p>\n<p><span class=\"Apple-converted-space\">\u00a0<\/span>\u2022 Hafif ve konforlu yap\u0131<\/p>\n<p><span class=\"Apple-converted-space\">\u00a0<\/span>\u2022 Model 180 cm, Small beden<\/p>\n","protected":false},"excerpt":{"rendered":"<p>\u2022 Yumu\u015fak ve esnek premium kuma\u015f \u00a0\u2022 D\u00f6k\u00fcml\u00fc mini etek tasar\u0131m\u0131 \u00a0\u2022 Rahat oturan yuvarlak yaka \u00a0\u2022 Hafif&#8230;<\/p>\n","protected":false},"featured_media":5569,"comment_status":"open","ping_status":"closed","template":"","meta":{"_joinchat":[]},"product_brand":[],"product_cat":[25,22,15],"product_tag":[],"class_list":{"0":"post-5565","1":"product","2":"type-product","3":"status-publish","4":"has-post-thumbnail","6":"product_cat-new","7":"product_cat-dresses","8":"product_cat-all","10":"first","11":"instock","12":"shipping-taxable","13":"purchasable","14":"product-type-variable"},"_links":{"self":[{"href":"https:\/\/le-revestudio.com\/index.php\/wp-json\/wp\/v2\/product\/5565","targetHints":{"allow":["GET"]}}],"collection":[{"href":"https:\/\/le-revestudio.com\/index.php\/wp-json\/wp\/v2\/product"}],"about":[{"href":"https:\/\/le-revestudio.com\/index.php\/wp-json\/wp\/v2\/types\/product"}],"replies":[{"embeddable":true,"href":"https:\/\/le-revestudio.com\/index.php\/wp-json\/wp\/v2\/comments?post=5565"}],"wp:featuredmedia":[{"embeddable":true,"href":"https:\/\/le-revestudio.com\/index.php\/wp-json\/wp\/v2\/media\/5569"}],"wp:attachment":[{"href":"https:\/\/le-revestudio.com\/index.php\/wp-json\/wp\/v2\/media?parent=5565"}],"wp:term":[{"taxonomy":"product_brand","embeddable":true,"href":"https:\/\/le-revestudio.com\/index.php\/wp-json\/wp\/v2\/product_brand?post=5565"},{"taxonomy":"product_cat","embeddable":true,"href":"https:\/\/le-revestudio.com\/index.php\/wp-json\/wp\/v2\/product_cat?post=5565"},{"taxonomy":"product_tag","embeddable":true,"href":"https:\/\/le-revestudio.com\/index.php\/wp-json\/wp\/v2\/product_tag?post=5565"}],"curies":[{"name":"wp","href":"https:\/\/api.w.org\/{rel}","templated":true}]}}